{"id":703,"date":"2014-08-03T21:53:29","date_gmt":"2014-08-03T19:53:29","guid":{"rendered":"http:\/\/tc-kuenzell-dicker-turm.de\/?page_id=703"},"modified":"2026-03-15T19:41:20","modified_gmt":"2026-03-15T18:41:20","slug":"termine-2014","status":"publish","type":"page","link":"https:\/\/tc-kuenzell-dicker-turm.de\/index.php\/termine-2014\/","title":{"rendered":"Termine 2026"},"content":{"rendered":"\n<p class=\"has-blue-color has-text-color has-link-color has-medium-font-size wp-elements-2144e53ac1789a3d29bff32257ce5cbb\"><\/p>\n\n\n\n<p class=\"has-blue-color has-text-color has-link-color has-medium-font-size wp-elements-eaf87060d5e69fb72893157be8620ecc\"><strong>21. M\u00e4rz 2026 Aufbau der Au\u00dfenpl\u00e4tze<\/strong><\/p>\n\n\n\n<h2 class=\"wp-block-heading has-text-color has-link-color has-medium-font-size wp-elements-65d120e407025263e8bdac979f12b909\" style=\"color:#1921d1\"><strong>06. Mai 2026 &#8211; Mitgliederversammlung<\/strong><\/h2>\n\n\n\n<p class=\"has-blue-color has-text-color has-medium-font-size\"><strong>25. Juni 2026<\/strong> <strong>Traditionelles Pfingstschleifchenturnier<\/strong> <strong>ab 10 Uhr<\/strong><\/p>\n\n\n\n<p class=\"has-blue-color has-text-color has-medium-font-size\"><strong>September 2026 &#8211; Kinder- und Jugendturnier<\/strong><\/p>\n\n\n\n<p><\/p>\n\n\n\n<h2 class=\"wp-block-heading has-blue-color has-text-color has-link-color has-medium-font-size wp-elements-7cf5742dc36e9afed31c00d16770c7a1\"> Oktober 2026 &#8211; Abbau der Pl\u00e4tze<\/h2>\n\n\n\n<p class=\"has-blue-color has-text-color has-medium-font-size\"><strong>Oktober 2026 &#8211; Schleifchenturnier im Wies`n Outfit<\/strong><\/p>\n\n\n\n<p><\/p>\n","protected":false},"excerpt":{"rendered":"<p>21. M\u00e4rz 2026 Aufbau der Au\u00dfenpl\u00e4tze 06. Mai 2026 &#8211; Mitgliederversammlung 25. Juni 2026 Traditionelles Pfingstschleifchenturnier ab 10 Uhr September 2026 &#8211; Kinder- und Jugendturnier Oktober 2026 &#8211; Abbau der Pl\u00e4tze Oktober 2026 &#8211; Schleifchenturnier im Wies`n Outfit<\/p>\n","protected":false},"author":1,"featured_media":0,"parent":0,"menu_order":0,"comment_status":"closed","ping_status":"closed","template":"","meta":{"footnotes":""},"class_list":["post-703","page","type-page","status-publish","hentry"],"_links":{"self":[{"href":"https:\/\/tc-kuenzell-dicker-turm.de\/index.php\/wp-json\/wp\/v2\/pages\/703","targetHints":{"allow":["GET"]}}],"collection":[{"href":"https:\/\/tc-kuenzell-dicker-turm.de\/index.php\/wp-json\/wp\/v2\/pages"}],"about":[{"href":"https:\/\/tc-kuenzell-dicker-turm.de\/index.php\/wp-json\/wp\/v2\/types\/page"}],"author":[{"embeddable":true,"href":"https:\/\/tc-kuenzell-dicker-turm.de\/index.php\/wp-json\/wp\/v2\/users\/1"}],"replies":[{"embeddable":true,"href":"https:\/\/tc-kuenzell-dicker-turm.de\/index.php\/wp-json\/wp\/v2\/comments?post=703"}],"version-history":[{"count":0,"href":"https:\/\/tc-kuenzell-dicker-turm.de\/index.php\/wp-json\/wp\/v2\/pages\/703\/revisions"}],"wp:attachment":[{"href":"https:\/\/tc-kuenzell-dicker-turm.de\/index.php\/wp-json\/wp\/v2\/media?parent=703"}],"curies":[{"name":"wp","href":"https:\/\/api.w.org\/{rel}","templated":true}]}}