{"id":3286,"date":"2019-07-22T19:00:21","date_gmt":"2019-07-22T17:00:21","guid":{"rendered":"http:\/\/tc-kuenzell-dicker-turm.de\/?page_id=3286"},"modified":"2020-09-20T10:23:56","modified_gmt":"2020-09-20T08:23:56","slug":"kuenzell-open-2019","status":"publish","type":"page","link":"https:\/\/tc-kuenzell-dicker-turm.de\/index.php\/kuenzell-open-2019\/","title":{"rendered":"K\u00fcnzell OPEN 2020"},"content":{"rendered":"\n<p><strong><span style=\"color:#0024a3\" class=\"has-inline-color\">Michael Ritz gewinnt 7. K\u00fcnzell OPEN<\/span><\/strong><\/p>\n\n\n\n<h2 class=\"wp-block-heading\"><\/h2>\n\n\n<figure class=\"wp-block-image\"><\/figure>\n<figure class=\"wp-block-image\"><\/figure>\n<figure class=\"wp-block-image\"><\/figure>\n<figure class=\"wp-block-image\"><\/figure>\n<figure class=\"wp-block-image\"><\/figure>\n<figure class=\"wp-block-image\"><\/figure>\n<figure class=\"wp-block-image\"><\/figure>\n<figure class=\"wp-block-image\"><\/figure>\n<figure class=\"wp-block-image\"><\/figure>\n<figure class=\"wp-block-image\"><\/figure>\n<figure class=\"wp-block-image\"><\/figure>\n<figure class=\"wp-block-image\"><\/figure>\n<figure class=\"wp-block-image\"><\/figure>\n<figure class=\"wp-block-image\"><\/figure>\n<figure class=\"wp-block-image\"><\/figure>\n<figure class=\"wp-block-image\"><\/figure>\n<figure class=\"wp-block-image\"><\/figure>\n<figure class=\"wp-block-image\"><span style=\"font-size: inherit;\">Bei extrem warmen Temperaturen sahen die Zuschauer unter Einhaltung der Hygienevorschriften hochklassiges Tennis bei den 7. K\u00fcnzell OPEN.<\/span><\/figure>\n<figure class=\"wp-block-image\">\n<p>Am Ende setze sich der an Position 2 gesetzte Michael Ritz (TCB Johannisau Fulda) im <br>16er Turnierfeld gegen den an Nr. 1 gesetzten Eric Stra\u00dfmann (TC BW H\u00fcnfeld) <br>mit 6:3 und 6:1 durch und holte sich den Turniersieg.<\/p>\n<p>Zuvor hatte Michael Ritz in den Vorrunden Florian Brenner (Eintracht Frankfurt), Nils Ruppel (TV Brauerschwend) und den stark aufspielenden Youngster Benedikt Reith (TC RW Fulda) in spannenden Matches bezwungen. Eric Stra\u00dfmann besiegte auf seinem Weg ins Finale in der Vorschlussrunde Fabian Klein-Arndt vom TCB Johannisau Fulda.<\/p>\n<p>Bei den Herren 40 setzte sich Carsten Heller (TC RW Fulda) im K\u00e4stchenmodus durch.<\/p>\n<p>Die Turnierteilnehmer kamen aus ganz Hessen, der j\u00fcngste Teilnehmer war 13, der \u00e4lteste 64 Jahre.<\/p>\n<p>Die Turnierleitung hatten Sven K\u00e4mpfe und Volker Ritz. <br>&#8222;Wir waren vollauf zufrieden mit den gelungenen Turniertagen&#8220; so K\u00e4mpfe.<br>&#8222;Und freuen uns schon auf die 8. K\u00fcnzell OPEN in 2021&#8220; erg\u00e4nzt Ritz.<\/p>\n<p><a href=\"http:\/\/tc-kuenzell-dicker-turm.de\/wp-content\/uploads\/2020\/08\/4-Halbfinalisten-und-Turnierleitung-scaled.jpg\"><img loading=\"lazy\" decoding=\"async\" class=\"wp-image-3556 alignleft\" src=\"http:\/\/tc-kuenzell-dicker-turm.de\/wp-content\/uploads\/2020\/08\/4-Halbfinalisten-und-Turnierleitung-300x199.jpg\" alt=\"\" width=\"323\" height=\"219\"><\/a><\/p>\n<p><\/p>\n<p>(Foto v.l inks: Volker Ritz, Fabian Klein-Arndt, Benedikt Reith, Michale Ritz , Eric Stra\u00dfmann)<\/p>\n<p><\/p>\n<\/figure>\n<figure class=\"wp-block-image\"><\/figure>\n<figure class=\"wp-block-image\"><\/figure>\n<figure class=\"wp-block-image\"><\/figure>\n<figure class=\"wp-block-image\"><\/figure>\n<figure class=\"wp-block-image\"><\/figure>\n<figure class=\"wp-block-image\"><\/figure>\n<figure class=\"wp-block-image\"><\/figure>\n<p><a href=\"http:\/\/tc-kuenzell-dicker-turm.de\/wp-content\/uploads\/2020\/08\/Tableau-.jpg\"><img loading=\"lazy\" decoding=\"async\" class=\"alignnone  wp-image-3561\" src=\"http:\/\/tc-kuenzell-dicker-turm.de\/wp-content\/uploads\/2020\/08\/Tableau--300x246.jpg\" alt=\"\" width=\"388\" height=\"322\"><\/a><\/p>\n<p><a href=\"http:\/\/tc-kuenzell-dicker-turm.de\/wp-content\/uploads\/2020\/08\/DSC_0263-scaled.jpg\"><img loading=\"lazy\" decoding=\"async\" class=\"alignnone  wp-image-3563\" src=\"http:\/\/tc-kuenzell-dicker-turm.de\/wp-content\/uploads\/2020\/08\/DSC_0263-300x199.jpg\" alt=\"\" width=\"263\" height=\"178\"><\/a> <a href=\"http:\/\/tc-kuenzell-dicker-turm.de\/wp-content\/uploads\/2020\/08\/DSC_0270.jpg\"><img loading=\"lazy\" decoding=\"async\" class=\"alignnone  wp-image-3564\" src=\"http:\/\/tc-kuenzell-dicker-turm.de\/wp-content\/uploads\/2020\/08\/DSC_0270-300x199.jpg\" alt=\"\" width=\"257\" height=\"174\"><\/a> <a href=\"http:\/\/tc-kuenzell-dicker-turm.de\/wp-content\/uploads\/2020\/08\/DSC_0272.jpg\"><img loading=\"lazy\" decoding=\"async\" class=\"alignnone  wp-image-3565\" src=\"http:\/\/tc-kuenzell-dicker-turm.de\/wp-content\/uploads\/2020\/08\/DSC_0272-300x199.jpg\" alt=\"\" width=\"263\" height=\"178\"><\/a> <a href=\"http:\/\/tc-kuenzell-dicker-turm.de\/wp-content\/uploads\/2020\/08\/DSC_0273-scaled.jpg\"><img loading=\"lazy\" decoding=\"async\" class=\"alignnone  wp-image-3566\" src=\"http:\/\/tc-kuenzell-dicker-turm.de\/wp-content\/uploads\/2020\/08\/DSC_0273-300x204.jpg\" alt=\"\" width=\"253\" height=\"176\"><\/a> <a href=\"http:\/\/tc-kuenzell-dicker-turm.de\/wp-content\/uploads\/2020\/08\/DSC_0283-scaled.jpg\"><img loading=\"lazy\" decoding=\"async\" class=\"alignnone  wp-image-3567\" src=\"http:\/\/tc-kuenzell-dicker-turm.de\/wp-content\/uploads\/2020\/08\/DSC_0283-300x199.jpg\" alt=\"\" width=\"263\" height=\"178\"><\/a> <a href=\"http:\/\/tc-kuenzell-dicker-turm.de\/wp-content\/uploads\/2020\/08\/DSC_0309.jpg\"><img loading=\"lazy\" decoding=\"async\" class=\"alignnone  wp-image-3568\" src=\"http:\/\/tc-kuenzell-dicker-turm.de\/wp-content\/uploads\/2020\/08\/DSC_0309-300x199.jpg\" alt=\"\" width=\"254\" height=\"172\"><\/a><\/p>\n<p><a href=\"http:\/\/tc-kuenzell-dicker-turm.de\/wp-content\/uploads\/2020\/08\/DSC_0314.jpg\"><img loading=\"lazy\" decoding=\"async\" class=\"alignnone  wp-image-3569\" src=\"http:\/\/tc-kuenzell-dicker-turm.de\/wp-content\/uploads\/2020\/08\/DSC_0314-300x199.jpg\" alt=\"\" width=\"254\" height=\"171\"><\/a> <a href=\"http:\/\/tc-kuenzell-dicker-turm.de\/wp-content\/uploads\/2020\/08\/DSC_0315-scaled.jpg\"><img loading=\"lazy\" decoding=\"async\" class=\"alignnone  wp-image-3570\" src=\"http:\/\/tc-kuenzell-dicker-turm.de\/wp-content\/uploads\/2020\/08\/DSC_0315-300x208.jpg\" alt=\"\" width=\"245\" height=\"174\"><\/a> <a href=\"http:\/\/tc-kuenzell-dicker-turm.de\/wp-content\/uploads\/2020\/08\/DSC_0318-scaled.jpg\"><img loading=\"lazy\" decoding=\"async\" class=\"alignnone  wp-image-3571\" src=\"http:\/\/tc-kuenzell-dicker-turm.de\/wp-content\/uploads\/2020\/08\/DSC_0318-300x208.jpg\" alt=\"\" width=\"260\" height=\"183\"><\/a> <a href=\"http:\/\/tc-kuenzell-dicker-turm.de\/wp-content\/uploads\/2020\/08\/DSC_0329-scaled.jpg\"><img loading=\"lazy\" decoding=\"async\" class=\"alignnone  wp-image-3572\" src=\"http:\/\/tc-kuenzell-dicker-turm.de\/wp-content\/uploads\/2020\/08\/DSC_0329-300x199.jpg\" alt=\"\" width=\"257\" height=\"174\"><\/a> <a href=\"http:\/\/tc-kuenzell-dicker-turm.de\/wp-content\/uploads\/2020\/08\/DSC_0331-scaled.jpg\"><img loading=\"lazy\" decoding=\"async\" class=\"alignnone  wp-image-3573\" src=\"http:\/\/tc-kuenzell-dicker-turm.de\/wp-content\/uploads\/2020\/08\/DSC_0331-300x201.jpg\" alt=\"\" width=\"258\" height=\"176\"><\/a> <a href=\"http:\/\/tc-kuenzell-dicker-turm.de\/wp-content\/uploads\/2020\/08\/DSC_0332-scaled.jpg\"><img loading=\"lazy\" decoding=\"async\" class=\"alignnone  wp-image-3574\" src=\"http:\/\/tc-kuenzell-dicker-turm.de\/wp-content\/uploads\/2020\/08\/DSC_0332-300x199.jpg\" alt=\"\" width=\"254\" height=\"171\"><\/a> <a href=\"http:\/\/tc-kuenzell-dicker-turm.de\/wp-content\/uploads\/2020\/08\/DSC_0333.jpg\"><img loading=\"lazy\" decoding=\"async\" class=\"alignnone  wp-image-3575\" src=\"http:\/\/tc-kuenzell-dicker-turm.de\/wp-content\/uploads\/2020\/08\/DSC_0333-300x199.jpg\" alt=\"\" width=\"257\" height=\"174\"><\/a> <a href=\"http:\/\/tc-kuenzell-dicker-turm.de\/wp-content\/uploads\/2020\/08\/DSC_0335-scaled.jpg\"><img loading=\"lazy\" decoding=\"async\" class=\"alignnone  wp-image-3576\" src=\"http:\/\/tc-kuenzell-dicker-turm.de\/wp-content\/uploads\/2020\/08\/DSC_0335-300x199.jpg\" alt=\"\" width=\"252\" height=\"171\"><\/a> <a href=\"http:\/\/tc-kuenzell-dicker-turm.de\/wp-content\/uploads\/2020\/08\/DSC_0338.jpg\"><img loading=\"lazy\" decoding=\"async\" class=\"alignnone  wp-image-3577\" src=\"http:\/\/tc-kuenzell-dicker-turm.de\/wp-content\/uploads\/2020\/08\/DSC_0338-300x199.jpg\" alt=\"\" width=\"258\" height=\"175\"><\/a> <a href=\"http:\/\/tc-kuenzell-dicker-turm.de\/wp-content\/uploads\/2020\/08\/DSC_0341-scaled.jpg\"><img loading=\"lazy\" decoding=\"async\" class=\"alignnone  wp-image-3578\" src=\"http:\/\/tc-kuenzell-dicker-turm.de\/wp-content\/uploads\/2020\/08\/DSC_0341-300x199.jpg\" alt=\"\" width=\"257\" height=\"174\"><\/a><a href=\"http:\/\/tc-kuenzell-dicker-turm.de\/wp-content\/uploads\/2020\/08\/DSC_0373-scaled.jpg\"><img loading=\"lazy\" decoding=\"async\" class=\"alignnone  wp-image-3581\" src=\"http:\/\/tc-kuenzell-dicker-turm.de\/wp-content\/uploads\/2020\/08\/DSC_0373-300x199.jpg\" alt=\"\" width=\"251\" height=\"170\"><\/a> <a href=\"http:\/\/tc-kuenzell-dicker-turm.de\/wp-content\/uploads\/2020\/08\/DSC_0351-scaled.jpg\"><img loading=\"lazy\" decoding=\"async\" class=\"alignnone  wp-image-3579\" src=\"http:\/\/tc-kuenzell-dicker-turm.de\/wp-content\/uploads\/2020\/08\/DSC_0351-300x199.jpg\" alt=\"\" width=\"258\" height=\"174\"><\/a><a href=\"http:\/\/tc-kuenzell-dicker-turm.de\/wp-content\/uploads\/2020\/08\/Finalisten-scaled.jpg\"><img loading=\"lazy\" decoding=\"async\" class=\"alignnone  wp-image-3585\" src=\"http:\/\/tc-kuenzell-dicker-turm.de\/wp-content\/uploads\/2020\/08\/Finalisten-300x199.jpg\" alt=\"\" width=\"263\" height=\"178\"><\/a> <a href=\"http:\/\/tc-kuenzell-dicker-turm.de\/wp-content\/uploads\/2020\/08\/DSC_0367.jpg\"><img loading=\"lazy\" decoding=\"async\" class=\"alignnone  wp-image-3580\" src=\"http:\/\/tc-kuenzell-dicker-turm.de\/wp-content\/uploads\/2020\/08\/DSC_0367-300x214.jpg\" alt=\"\" width=\"236\" height=\"172\"><\/a> <a href=\"http:\/\/tc-kuenzell-dicker-turm.de\/wp-content\/uploads\/2020\/08\/P1030675-scaled.jpg\"><img loading=\"lazy\" decoding=\"async\" class=\"alignnone size-medium wp-image-3591\" src=\"http:\/\/tc-kuenzell-dicker-turm.de\/wp-content\/uploads\/2020\/08\/P1030675-300x169.jpg\" alt=\"\" width=\"300\" height=\"169\" srcset=\"https:\/\/tc-kuenzell-dicker-turm.de\/wp-content\/uploads\/2020\/08\/P1030675-300x169.jpg 300w, https:\/\/tc-kuenzell-dicker-turm.de\/wp-content\/uploads\/2020\/08\/P1030675-1024x576.jpg 1024w, https:\/\/tc-kuenzell-dicker-turm.de\/wp-content\/uploads\/2020\/08\/P1030675-768x432.jpg 768w, https:\/\/tc-kuenzell-dicker-turm.de\/wp-content\/uploads\/2020\/08\/P1030675-1536x863.jpg 1536w, https:\/\/tc-kuenzell-dicker-turm.de\/wp-content\/uploads\/2020\/08\/P1030675-2048x1151.jpg 2048w, https:\/\/tc-kuenzell-dicker-turm.de\/wp-content\/uploads\/2020\/08\/P1030675-500x281.jpg 500w\" sizes=\"auto, (max-width: 300px) 100vw, 300px\" \/><\/a><a href=\"http:\/\/tc-kuenzell-dicker-turm.de\/wp-content\/uploads\/2020\/08\/c1f2a7ca-00d3-4554-bb22-91b4553b5ed3.jpg\"><img loading=\"lazy\" decoding=\"async\" class=\"alignnone  wp-image-3589\" src=\"http:\/\/tc-kuenzell-dicker-turm.de\/wp-content\/uploads\/2020\/08\/c1f2a7ca-00d3-4554-bb22-91b4553b5ed3-300x250.jpg\" alt=\"\" width=\"206\" height=\"173\"><\/a> <a href=\"http:\/\/tc-kuenzell-dicker-turm.de\/wp-content\/uploads\/2020\/08\/DSC_0400-scaled.jpg\"><img loading=\"lazy\" decoding=\"async\" class=\"alignnone  wp-image-3583\" src=\"http:\/\/tc-kuenzell-dicker-turm.de\/wp-content\/uploads\/2020\/08\/DSC_0400-300x199.jpg\" alt=\"\" width=\"246\" height=\"167\"><\/a> <a href=\"http:\/\/tc-kuenzell-dicker-turm.de\/wp-content\/uploads\/2020\/08\/DSC_0404-1-scaled.jpg\"><img loading=\"lazy\" decoding=\"async\" class=\"alignnone  wp-image-3584\" src=\"http:\/\/tc-kuenzell-dicker-turm.de\/wp-content\/uploads\/2020\/08\/DSC_0404-1-300x199.jpg\" alt=\"\" width=\"279\" height=\"190\"><\/a> &nbsp;<a href=\"http:\/\/tc-kuenzell-dicker-turm.de\/wp-content\/uploads\/2020\/08\/IMG_7604.jpg\"><img loading=\"lazy\" decoding=\"async\" class=\"alignnone  wp-image-3586\" src=\"http:\/\/tc-kuenzell-dicker-turm.de\/wp-content\/uploads\/2020\/08\/IMG_7604-227x300.jpg\" alt=\"\" width=\"201\" height=\"262\"><\/a><!--more--><\/p>\n<figure class=\"wp-block-image\"><\/figure>\n<figure class=\"wp-block-image\"><\/figure>\n<figure class=\"wp-block-image\"><\/figure>\n<p><\/p>\n<figure class=\"wp-block-image\"><\/figure>\n\n\n<p><\/p>\n","protected":false},"excerpt":{"rendered":"<p>Michael Ritz gewinnt 7. K\u00fcnzell OPEN Bei extrem warmen Temperaturen sahen die Zuschauer unter Einhaltung der Hygienevorschriften hochklassiges Tennis bei den 7. K\u00fcnzell OPEN. Am Ende setze sich der an Position 2 gesetzte Michael Ritz (TCB Johannisau Fulda) im 16er &hellip; <a href=\"https:\/\/tc-kuenzell-dicker-turm.de\/index.php\/kuenzell-open-2019\/\">Weiterlesen <span class=\"meta-nav\">&rarr;<\/span><\/a><\/p>\n","protected":false},"author":1,"featured_media":0,"parent":0,"menu_order":0,"comment_status":"closed","ping_status":"closed","template":"","meta":{"footnotes":""},"class_list":["post-3286","page","type-page","status-publish","hentry"],"_links":{"self":[{"href":"https:\/\/tc-kuenzell-dicker-turm.de\/index.php\/wp-json\/wp\/v2\/pages\/3286","targetHints":{"allow":["GET"]}}],"collection":[{"href":"https:\/\/tc-kuenzell-dicker-turm.de\/index.php\/wp-json\/wp\/v2\/pages"}],"about":[{"href":"https:\/\/tc-kuenzell-dicker-turm.de\/index.php\/wp-json\/wp\/v2\/types\/page"}],"author":[{"embeddable":true,"href":"https:\/\/tc-kuenzell-dicker-turm.de\/index.php\/wp-json\/wp\/v2\/users\/1"}],"replies":[{"embeddable":true,"href":"https:\/\/tc-kuenzell-dicker-turm.de\/index.php\/wp-json\/wp\/v2\/comments?post=3286"}],"version-history":[{"count":0,"href":"https:\/\/tc-kuenzell-dicker-turm.de\/index.php\/wp-json\/wp\/v2\/pages\/3286\/revisions"}],"wp:attachment":[{"href":"https:\/\/tc-kuenzell-dicker-turm.de\/index.php\/wp-json\/wp\/v2\/media?parent=3286"}],"curies":[{"name":"wp","href":"https:\/\/api.w.org\/{rel}","templated":true}]}}